ds digit of 209519117?
1
What is the ten thousands digit of 980088616?
8
What is the tens digit of 3929257948?
4
What is the tens digit of 168900456?
5
What is the hundreds digit of 8206235?
2
What is the ten millions digit of 79978810?
7
What is the ten thousands digit of 67331646?
3
What is the ten thousands digit of 132356852?
5
What is the millions digit of 4654768?
4
What is the ten thousands digit of 71903504?
0
What is the tens digit of 341560922?
2
What is the ten thousands digit of 148548498?
4
What is the millions digit of 51441537?
1
What is the thousands digit of 235057824?
7
What is the hundred millions digit of 853463526?
8
What is the hundred thousands digit of 1097318169?
3
What is the units digit of 45224531?
1
What is the ten millions digit of 1165777078?
6
What is the billions digit of 4055956647?
4
What is the millions digit of 119755788?
9
What is the hundreds digit of 739081143?
1
What is the units digit of 37041896?
6
What is the hundred thousands digit of 70856046?
8
What is the ten thousands digit of 107900772?
0
What is the ten millions digit of 39333341?
3
What is the units digit of 512369941?
1
What is the thousands digit of 1064551928?
1
What is the hundred thousands digit of 257315140?
3
What is the tens digit of 56154025?
2
What is the thousands digit of 1333511933?
1
What is the thousands digit of 98251350?
1
What is the billions digit of 3174052303?
3
What is the units digit of 200317531?
1
What is the units digit of 1505139370?
0
What is the units digit of 309110215?
5
What is the ten thousands digit of 43060557?
6
What is the ten thousands digit of 1970545383?
4
What is the ten thousands digit of 356170758?
7
What is the hundred thousands digit of 1092280444?
2
What is the hundred thousands digit of 189882294?
8
What is the units digit of 38256192?
2
What is the thousands digit of 247582214?
2
What is the units digit of 88472124?
4
What is the tens digit of 530451103?
0
What is the ten millions digit of 211540118?
1
What is the millions digit of 60909969?
0
What is the ten millions digit of 12598280?
1
What is the hundred millions digit of 2096772694?
0
What is the hundred millions digit of 152129789?
1
What is the hundred millions digit of 1068005727?
0
What is the ten millions digit of 27792476?
2
What is the ten millions digit of 33615779?
3
What is the thousands digit of 555631499?
1
What is the ten thousands digit of 46444890?
4
What is the ten thousands digit of 1000069758?
6
What is the hundred millions digit of 141689176?
1
What is the thousands digit of 17194221?
4
What is the units digit of 504273436?
6
What is the thousands digit of 4074445319?
5
What is the millions digit of 605427789?
5
What is the hundred thousands digit of 28467696?
4
What is the tens digit of 113232808?
0
What is the hundreds digit of 1893984794?
7
What is the millions digit of 7987375?
7
What is the thousands digit of 2257458752?
8
What is the millions digit of 1578836219?
8
What is the billions digit of 1660480336?
1
What is the millions digit of 6188388866?
8
What is the thousands digit of 2961068678?
8
What is the units digit of 1082281139?
9
What is the ten thousands digit of 339214336?
1
What is the hundreds digit of 943920238?
2
What is the ten millions digit of 56043666?
5
What is the hundreds digit of 1382421951?
9
What is the millions digit of 1437199645?
7
What is the ten millions digit of 79588204?
7
What is the hundreds digit of 57019477?
4
What is the units digit of 417633040?
0
What is the hundreds digit of 28813297?
2
What is the thousands digit of 2550467102?
7
What is the hundreds digit of 7436859884?
8
What is the ten thousands digit of 62469675?
6
What is the units digit of 42255341?
1
What is the thousands digit of 4334250167?
0
What is the tens digit of 704542397?
9
What is the units digit of 578165076?
6
What is the ten thousands digit of 42935803?
3
What is the hundreds digit of 47467316?
3
What is the millions digit of 217245460?
7
What is the hundred thousands digit of 44747779?
7
What is the hundreds digit of 17235599?
5
What is the units digit of 15130842?
2
What is the units digit of 69147950?
0
What is the hundred thousands digit of 109632513?
6
What is the hundreds digit of 201605387?
3
What is the hundred thousands digit of 731746004?
7
What is the tens digit of 162161642?
4
What is the ten millions digit of 1844996614?
4
What is the ten thousands digit of 663062926?
6
What is the ten millions digit of 366984954?
6
What is the millions digit of 517494562?
7
What is the tens digit of 3145350475?
7
What is the hundred thousands digit of 4823996667?
9
What is the hundreds digit of 144826869?
8
What is the hundred thousands digit of 829383636?
3
What is the ten millions digit of 262927025?
6
What is the hundred thousands digit of 518632685?
6
What is the units digit of 304842307?
7
What is the hundred millions digit of 887836156?
8
What is the hundred thousands digit of 210025065?
0
What is the hundred thousands digit of 4955861737?
8
What is the hundred millions digit of 325419046?
3
What is the units digit of 269972049?
9
What is the hundred thousands digit of 84301504?
3
What is the tens digit of 44616172?
7
What is the ten millions digit of 326365412?
2
What is the hundreds digit of 2858991055?
0
What is the ten millions digit of 4255163457?
5
What is the millions digit of 20044862?
0
What is the millions digit of 1488062929?
8
What is the hundred thousands digit of 151598156?
5
What is the ten thousands digit of 63784194?
8
What is the hundred millions digit of 359384609?
3
What is the units digit of 15094786?
6
What is the ten millions digit of 105409150?
0
What is the ten thousands digit of 38840683?
4
What is the millions digit of 522944109?
2
What is the hundreds digit of 545697691?
6
What is the hundred thousands digit of 1323949108?
9
What is the millions digit of 71579286?
1
What is the thousands digit of 884078881?
8
What is the millions digit of 163207007?
3
What is the millions digit of 12839064?
2
What is the millions digit of 1900232732?
0
What is the hundred millions digit of 226001946?
2
What is the ten thousands digit of 123118025?
1
What is the ten millions digit of 1851668780?
5
What is the units digit of 429585337?
7
What is the hundreds digit of 2983028662?
6
What is the thousands digit of 213251377?
1
What is the hundred thousands digit of 8356691?
3
What is the hundreds digit of 881157119?
1
What is the tens digit of 8341422?
2
What is the ten millions digit of 48195462?
4
What is the millions digit of 55943681?
5
What is the ten thousands digit of 45362494?
6
What is the units digit of 607437764?
4
What is the hundred thousands digit of 120775893?
7
What is the hundred thousands digit of 2205837319?
8
What is the ten thousands digit of 644337187?
3
What is the hundreds digit of 55047784?
7
What is the hundreds digit of 626565818?
8
What is the hundreds digit of 444374649?
6
What is the hundreds digit of 588442159?
1
What is the thousands digit of 138226485?
6
What is the hundred thousands digit of 17350067?
3
What is the units digit of 96368727?
7
What is the ten millions digit of 274076695?
7
What is the hundreds digit of 64620960?
9
What is the units digit of 934215362?
2
What is the ten thousands digit of 17064364?
6
What is the ten millions digit of 380168924?
8
What is the ten millions digit of 369732894?
6
What is the units digit of 777538595?
5
What is the thousands digit of 79526689?
6
What is the billions digit of 3763966497?
3
What is the hundred thousands digit of 126732803?
7
What is the hundred millions digit of 1164016553?
1
What is the hundred millions digit of 2826901847?
8
What is the hundred millions digit of 338295371?
3
What is the hundred millions digit of 1363268337?
3
What is the ten millions digit of 3342812546?
4
What is the thousands digit of 217224229?
4
What is the hundreds digit of 17903817?
8
What is the tens digit of 35207209?
0
What is the millions digit of 424622026?
4
What is the ten millions digit of 3554130947?
5
What is the millions digit of 233690457?
3
What is the tens digit of 1482930296?
9
What is the hundreds digit of 112427315?
3
What is the ten thousands digit of 763150?
6
What is the ten millions digit of 10200653?
1
What i